se 4
3011
1 (base 5) to base 12
1
4 (base 16) to base 15
4
-87 (base 11) to base 4
-1133
What is -1001010 (base 2) in base 5?
-244
Convert -21 (base 6) to base 15.
-d
What is -5 (base 10) in base 15?
-5
3 (base 4) to base 3
10
What is 3 (base 13) in base 5?
3
What is -5 (base 14) in base 6?
-5
Convert 6 (base 16) to base 5.
11
Convert 4 (base 14) to base 9.
4
c (base 13) to base 8
14
What is -1111 (base 2) in base 9?
-16
102 (base 4) to base 8
22
Convert 29 (base 15) to base 11.
36
2 (base 3) to base 2
10
Convert 3e (base 15) to base 9.
65
-3 (base 11) to base 6
-3
What is -312 (base 7) in base 14?
-b2
-8 (base 12) to base 10
-8
Convert 12 (base 15) to base 13.
14
1 (base 11) to base 4
1
What is -33 (base 6) in base 13?
-18
1 (base 6) to base 14
1
What is -110101 (base 2) in base 6?
-125
Convert -77 (base 10) to base 12.
-65
-133 (base 4) to base 6
-51
What is 3 (base 14) in base 5?
3
Convert -29 (base 11) to base 8.
-37
-11 (base 2) to base 14
-3
What is 1000 (base 2) in base 8?
10
What is 202 (base 4) in base 12?
2a
What is -22 (base 6) in base 12?
-12
505 (base 6) to base 9
225
-1020 (base 4) to base 12
-60
What is 4 (base 11) in base 4?
10
Convert 151 (base 13) to base 5.
1420
Convert f (base 16) to base 12.
13
What is 3 (base 8) in base 9?
3
Convert 1 (base 15) to base 9.
1
3e (base 15) to base 6
135
-10 (base 2) to base 8
-2
Convert 1001 (base 2) to base 13.
9
Convert 111111 (base 2) to base 7.
120
What is -3 (base 14) in base 8?
-3
What is 3 (base 8) in base 16?
3
Convert 12 (base 7) to base 16.
9
Convert -13 (base 6) to base 4.
-21
What is 2 (base 10) in base 6?
2
4 (base 14) to base 4
10
What is 6 (base 16) in base 12?
6
Convert -3 (base 13) to base 5.
-3
Convert -15 (base 12) to base 2.
-10001
What is -13 (base 6) in base 12?
-9
Convert 9 (base 16) to base 8.
11
-4 (base 5) to base 16
-4
What is 3 (base 11) in base 3?
10
Convert 4 (base 9) to base 13.
4
Convert 193 (base 13) to base 10.
289
What is -27 (base 12) in base 2?
-11111
-1 (base 7) to base 16
-1
What is 7 (base 12) in base 3?
21
Convert 242 (base 7) to base 4.
2000
Convert -1 (base 15) to base 14.
-1
What is -4 (base 6) in base 8?
-4
What is 11 (base 5) in base 8?
6
Convert -15 (base 15) to base 4.
-110
Convert 1011 (base 2) to base 12.
b
0 (base 7) to base 10
0
0 (base 12) to base 9
0
What is -18 (base 16) in base 4?
-120
-9 (base 13) to base 4
-21
Convert -1156 (base 7) to base 6.
-2001
What is -22 (base 4) in base 5?
-20
-12 (base 7) to base 5
-14
What is 13 (base 15) in base 12?
16
Convert 2 (base 11) to base 13.
2
-144 (base 8) to base 14
-72
Convert 35 (base 7) to base 15.
1b
What is -4 (base 12) in base 9?
-4
What is -10231 (base 4) in base 5?
-2201
Convert -5 (base 10) to base 13.
-5
What is 44 (base 8) in base 3?
1100
What is -11001 (base 2) in base 12?
-21
-16 (base 9) to base 14
-11
What is 20120 (base 3) in base 11?
151
What is 11 (base 14) in base 3?
120
Convert -3 (base 8) to base 16.
-3
What is 1 (base 7) in base 13?
1
2200 (base 3) to base 16
48
What is 43 (base 13) in base 11?
50
Convert -12 (base 8) to base 6.
-14
Convert -4 (base 15) to base 7.
-4
What is 164 (base 9) in base 15?
94
What is 20 (base 5) in base 2?
1010
Convert 115 (base 6) to base 11.
43
Convert 11 (base 2) to base 3.
10
-11 (base 7) to base 13
-8
Convert -15 (base 9) to base 11.
-13
Convert 105 (base 7) to base 15.
39
What is 125 (base 7) in base 15?
48
What is -2 (base 16) in base 15?
-2
What is 1 (base 7) in base 14?
1
Convert 1215 (base 6) to base 14.
175
-1212 (base 5) to base 13
-110
What is -4 (base 13) in base 16?
-4
What is -11101 (base 2) in base 15?
-1e
What is -55 (base 16) in base 3?
-10011
101001 (base 2) to base 10
41
-8 (base 13) to base 16
-8
What is a (base 14) in base 3?
101
-303 (base 6) to base 3
-11010
-3 (base 9) to base 6
-3
What is -135 (base 7) in base 8?
-113
What is -46 (base 7) in base 10?
-34
Convert 4 (base 5) to base 3.
11
2 (base 12) to base 8
2
-1 (base 5) to base 7
-1
What is -12 (base 5) in base 11?
-7
What is -2 (base 11) in base 9?
-2
Convert 103 (base 11) to base 12.
a4
Convert 3 (base 13) to base 5.
3
What is 125 (base 6) in base 13?
41
What is 0 (base 6) in base 3?
0
-16 (base 9) to base 11
-14
100 (base 2) to base 16
4
Convert 1112 (base 4) to base 3.
10012
1 (base 2) to base 16
1
What is -6 (base 15) in base 6?
-10
10 (base 6) to base 11
6
Convert 5 (base 9) to base 4.
11
What is -1221 (base 6) in base 10?
-301
Convert 0 (base 5) to base 11.
0
What is 1011 (base 2) in base 3?
102
What is 10 (base 6) in base 5?
11
What is 6 (base 12) in base 9?
6
-7 (base 13) to base 6
-11
Convert 325 (base 7) to base 9.
204
What is -3 (base 10) in base 15?
-3
-221 (base 3) to base 6
-41
Convert 10 (base 3) to base 2.
11
Convert 230 (base 8) to base 5.
1102
What is -11 (base 3) in base 9?
-4
What is -167 (base 8) in base 13?
-92
Convert 3 (base 10) to base 14.
3
Convert 312 (base 4) to base 11.
4a
What is 2020 (base 3) in base 14?
44
84 (base 9) to base 12
64
What is 123 (base 10) in base 8?
173
10011 (base 2) to base 9
21
Convert -181 (base 14) to base 3.
-102110
2 (base 16) to base 6
2
What is -22 (base 6) in base 16?
-e
What is -3 (base 16) in base 6?
-3
Convert -10 (base 2) to base 16.
-2
What is 10000 (base 2) in base 11?
15
What is -1 (base 15) in base 6?
-1
-10 (base 2) to base 16
-2
-15 (base 8) to base 2
-1101
Convert 2 (base 7) to base 15.
2
What is -211 (base 4) in base 11?
-34
What is -4b (base 13) in base 12?
-53
What is 2 (base 8) in base 2?
10
What is 3 (base 15) in base 6?
3
Convert 20 (base 4) to base 5.
13
What is -5 (base 7) in base 14?
-5
What is -2 (base 15) in base 14?
-2
-5 (base 15) to base 10
-5
-7 (base 15) to base 2
-111
-24 (base 7) to base 11
-17
What is -1 (base 8) in base 15?
-1
2 (base 5) to base 9
2
-1 (base 12) to base 4
-1
What is -197 (base 13) in base 5?
-2133
Convert -2a (base 13) to base 2.
-100100
What is 10 (base 5) in base 8?
5
What is 0 (base 2) in base 13?
0
What is 103 (base 6) in base 11?
36
What is 1 (base 7) in base 3?
1
Convert -3c (base 16) to base 10.
-60
What is 1022 (base 3) in base 14?
27
-44 (base 7) to base 3
-1012
What is -6 (base 11) in base 8?
-6
Convert -2 (base 10) to base 3.
-2
-4 (base 8) to base 3
-11
Convert 214 (base 6) to base 2.
1010010
Convert -2 (base 8) to base 7.
-2
Convert 11 (base 5) to base 14.
6
Convert 24 (base 7) to base 6.
30
What is 4 (base 15) in base 9?
4
What is 2 (base 6) in base 5?
2
-7 (base 13) to base 14
-7
-10 (base 4) to base 11
-4
34 (base 10) to base 9
37
What is 72 (base 8) in base 6?
134
Convert -3 (base 6) to base 12.
-3
-2 (base 6) to base 9
-2
50 (base 13) to base 16
41
What is 8 (base 14) in base 12?
8
What is -10 (base 5) in base 3?
-12
220 (base 3) to base 16
18
Convert 2 (base 4) to base 12.
2
-16 (base 9) to base 5
-30
bb (base 15) to base 10
176
What is -11 (base 2) in base 12?
-3
Convert -a (base 11) to base 4.
-22
Convert 2 (base 7) to base 12.
2
Convert 20 (base 12) to base 14.
1a
What is 112 (base 11) in base 16?
86
-6 (base 8) to base 5
-11
Convert -4 (base 6) to base 10.
-4
What is -77 (base 8) in base 15?
-43
-3 (base 4) to base 10
-3
-44 (base 5) to base 16
-18
Convert 1 (base 8) to base 10.
1
What is -13e (base 16) in base 10?
-318
Convert -52 (base 7) to base 4.
-211
-17 (base 15) to base 5
-42
Convert 1010 (base 2) to base 10.
10
Convert -1 (base 9) to base 5.
-1
12 (base 9) to base 5
21
Convert -1 (base 11) to base 10.
-1
Convert -7 (base 9) to base 8.
-7
-1 (base 13) to base 11
-1
What is 1 (base 14) in base 6?
1
Convert 12201 (base 3) to base 5.
1104
4 (base 12) to base 13
4
What is 4 (base 10) in base 5?
4
What is -11 (base 3) in base 2?
-100
1 (base 5) to base 14
1
Convert 2 (base 12) to base 8.
2
What is -6 (base 12) in base 4?
-12
Convert 1 (base 8) to base 6.
1
56 (base 12) to base 10
66
-5 (base 6) to base 3
-12
What is 3 (base 7) in base 16?
3
Convert -1 (base 15) to base 11.
-1
Convert 212 (base 10) to base 16.
d4
What is -1 (base 7) in base 2?
-1
7 (base 10) to base 15
7
What is c (base 15) in base 16?
c
Convert -10102 (base 3) to base 14.
-68
-1bb (base 12) to base 3
-101122
Convert -2012 (base 3) to base 11.
-54
-5 (base 15) to base 4
-11
What is -20 (base 8) in base 16?
-10
-1 (base 12) to base 6
-1
What is 2 (base 13) in base 3?
2
W